{"id":15,"date":"2025-09-23T09:07:10","date_gmt":"2025-09-23T07:07:10","guid":{"rendered":"https:\/\/farapej-1.rezo.pro\/?page_id=15"},"modified":"2025-11-07T16:54:03","modified_gmt":"2025-11-07T15:54:03","slug":"qui-sommes-nous","status":"publish","type":"page","link":"https:\/\/farapej-1.rezo.pro\/index.php\/notre-identite\/qui-sommes-nous\/","title":{"rendered":"Les missions"},"content":{"rendered":"\n<p><\/p>\n\n\n\n<p><br>LA FARAPEJ &#8211; F\u00c9D\u00c9RATION des ASSOCIATIONS R\u00c9FLEXION et ACTION sur la PRISON ET la JUSTICE &#8211; est l&rsquo;organisation rassemblant toutes associations \u0153uvrant au long de la \u00ab cha\u00eene p\u00e9nale \u00bb, des poursuites \u00e0 l&rsquo;application de la peine et \u00e0 la sortie de prison. Cette approche globale permet de transformer les exp\u00e9riences particuli\u00e8res en savoirs collectifs, de favoriser les \u00e9changes entre les associations membres et de formuler des propositions communes innovantes.<\/p>\n\n\n\n<p>Les associations r\u00e9unies peuvent ainsi&nbsp;porter un regard \u00e9largi&nbsp;sur leur champ d\u2019intervention en confrontant leur exp\u00e9rience de terrain \u00e0 ce qui se fait ailleurs,&nbsp;am\u00e9liorer et partager leurs pratiques, construire une r\u00e9flexion commune et \u00eatre porteuses d\u2019une vision et de propositions&nbsp;pour am\u00e9liorer le fonctionnement de la justice et limiter les effets destructeurs de la prison.<\/p>\n\n\n\n<p>Cette vision conduit la FARAPEJ et ses associations \u00e0 vouloir une<strong>&nbsp;<\/strong>transformation profonde de la vie en prison, notamment par une \u00e9volution significative des moyens d\u2019expression, de la place et de l\u2019attention accord\u00e9e aux proches, de la nature des activit\u00e9s et de l\u2019organisation de la journ\u00e9e de d\u00e9tention et plus profond\u00e9ment par le respect de la dignit\u00e9 de toutes les personnes d\u00e9tenues. Elle conduit \u00e9galement \u00e0 chercher \u00e0 convaincre que&nbsp;la prison n\u2019est qu\u2019une peine parmi d\u2019autres&nbsp;et l\u2019incarc\u00e9ration qu\u2019une \u00e9tape de la sanction privative de libert\u00e9 dont l\u2019ex\u00e9cution doit \u00eatre individualis\u00e9e et qui doit pr\u00e9voir une&nbsp;lib\u00e9ration pr\u00e9par\u00e9e, progressive et accompagn\u00e9e.<\/p>\n\n\n\n<div style=\"height:37px\" aria-hidden=\"true\" class=\"wp-block-spacer\"><\/div>\n\n\n\n<details class=\"wp-block-details has-accent-color has-text-color has-link-color has-large-font-size wp-elements-6126f26da69ebe3132156ec6fc87bb1f is-layout-flow wp-block-details-is-layout-flow\"><summary> Animation du r\u00e9seau<\/summary>\n<div style=\"height:25px\" aria-hidden=\"true\" class=\"wp-block-spacer\"><\/div>\n\n\n\n<p class=\"has-contrast-color has-text-color has-link-color has-base-font-size wp-elements-76e79dbbdc6eca064a346faa007f9dd7\">La FARAPEJ regroupe ann\u00e9e apr\u00e8s ann\u00e9e une soixantaine d\u2019associations r\u00e9parties sur l\u2019ensemble du territoire, en m\u00e9tropole comme outre-mers. Notre mission consiste \u00e0 privil\u00e9gier l\u2019interconnaissance et les \u00e9changes entre associations.<\/p>\n\n\n\n<p class=\"has-contrast-color has-text-color has-link-color has-base-font-size wp-elements-2bd8e5bfd9d4931e9e2623ea6a9b3d1a\">Pour cela, la F\u00e9d\u00e9ration mobilise diff\u00e9rents outils : r\u00e9seaux sociaux, newsletter, annuaire en ligne Carc\u00e9ropolis.<\/p>\n\n\n\n<p class=\"has-contrast-color has-text-color has-link-color has-base-font-size wp-elements-f1f780fd26e5095649de9fd60b12cdaa\">Et organise diff\u00e9rents \u00e9v\u00e9nements : conf\u00e9rences, formations, autres temps d\u2019\u00e9changes, qui permettent non seulement de mieux se conna\u00eetre, mais aussi de partager des pratiques, de mutualiser des ressources et de nourrir une r\u00e9flexion collective.<\/p>\n<\/details>\n\n\n\n<figure class=\"wp-block-image aligncenter size-full\"><a href=\"#Orientation\"><img loading=\"lazy\" decoding=\"async\" width=\"30\" height=\"27\" src=\"\/wp-content\/uploads\/2025\/10\/etoile-bleue-tranparente-small.jpg\" alt=\"\" class=\"wp-image-1217\"\/><\/a><\/figure>\n\n\n\n<div style=\"height:20px\" aria-hidden=\"true\" class=\"wp-block-spacer\"><\/div>\n\n\n\n<details class=\"wp-block-details has-accent-color has-text-color has-link-color has-large-font-size wp-elements-69176ac92e92728e6be439ea106ae74a is-layout-flow wp-block-details-is-layout-flow\"><summary>Orientation et information<\/summary>\n<div style=\"height:32px\" aria-hidden=\"true\" class=\"wp-block-spacer\"><\/div>\n\n\n\n<p class=\"has-contrast-color has-text-color has-link-color wp-elements-cc279424486b60d9cff6696da35a44e0\">La FARAPEJ re\u00e7oit chaque ann\u00e9e nombre de courriers de personnes d\u00e9tenues et de leurs proches, \u00e0 la recherche d\u2019informations, de soutien ou d\u2019orientation. Gr\u00e2ce \u00e0 notre r\u00e9seau associatif, la F\u00e9d\u00e9ration est en mesure de les mettre en lien avec des structures locales adapt\u00e9es dans l\u2019objectif de leur apporter des rep\u00e8res clairs, de leur permettre de mieux comprendre le fonctionnement du syst\u00e8me p\u00e9nal et carc\u00e9ral, de les orienter vers des ressources concr\u00e8tes.<\/p>\n<\/details>\n\n\n\n<figure class=\"wp-block-image aligncenter size-full\"><a href=\"#Formations\"><img loading=\"lazy\" decoding=\"async\" width=\"30\" height=\"27\" src=\"\/wp-content\/uploads\/2025\/10\/etoile-bleue-tranparente-small.jpg\" alt=\"\" class=\"wp-image-1217\"\/><\/a><\/figure>\n\n\n\n<div style=\"height:21px\" aria-hidden=\"true\" class=\"wp-block-spacer\"><\/div>\n\n\n\n<details class=\"wp-block-details has-accent-color has-text-color has-link-color has-large-font-size wp-elements-ec40438fa9864d2ae5c0c37f87f7cfef is-layout-flow wp-block-details-is-layout-flow\"><summary>Formations et documentation<\/summary>\n<div style=\"height:25px\" aria-hidden=\"true\" class=\"wp-block-spacer\"><\/div>\n\n\n\n<p class=\"has-contrast-color has-text-color has-link-color has-base-font-size wp-elements-d54452e002b4028072e05151a64a1c7c\">La F\u00e9d\u00e9ration organise des formations \u00e0 destination des b\u00e9n\u00e9voles et salari\u00e9\u00b7es des associations membres. Ces formations sont \u00e9galement ouvertes aux autres associations du secteur \u00ab Prison-Justice \u00bb et, plus g\u00e9n\u00e9ralement, \u00e0 toute personne int\u00e9ress\u00e9e par les questions judiciaires et p\u00e9nitentiaires. Elles ont pour objectif de :<\/p>\n\n\n\n<ul class=\"wp-block-list\">\n<li class=\"has-contrast-color has-text-color has-link-color has-base-font-size wp-elements-f8a89fc836e33ce766497e3325ec5a1c\">familiariser les nouvelles personnes b\u00e9n\u00e9voles et salari\u00e9es aux r\u00e9alit\u00e9s du champ justice-prison,<\/li>\n\n\n\n<li class=\"has-contrast-color has-text-color has-link-color has-base-font-size wp-elements-ef636a918db0a887734133f64089f532\">mais aussi de permettre aux plus exp\u00e9riment\u00e9es de continuer \u00e0 se former et \u00e0 approfondir leurs connaissances.<\/li>\n<\/ul>\n\n\n\n<div style=\"height:21px\" aria-hidden=\"true\" class=\"wp-block-spacer\"><\/div>\n\n\n\n<p class=\"has-contrast-color has-text-color has-link-color wp-elements-cf66cdf0afff8f31a2f222d0902e6a6b\">La F\u00e9d\u00e9ration propose des formations g\u00e9n\u00e9ralistes pour mieux appr\u00e9hender les enjeux globaux du milieu carc\u00e9ral et des formations sp\u00e9cifiques pour nourrir une r\u00e9flexion continue et maintenir un regard critique et curieux.<\/p>\n<\/details>\n\n\n\n<figure class=\"wp-block-image aligncenter size-full\"><a href=\"\u20acSensibilisation\"><img loading=\"lazy\" decoding=\"async\" width=\"30\" height=\"27\" src=\"\/wp-content\/uploads\/2025\/10\/etoile-bleue-tranparente-small.jpg\" alt=\"\" class=\"wp-image-1217\"\/><\/a><\/figure>\n\n\n\n<div style=\"height:21px\" aria-hidden=\"true\" class=\"wp-block-spacer\"><\/div>\n\n\n\n<details class=\"wp-block-details has-accent-color has-text-color has-link-color has-large-font-size wp-elements-bbcddf4bd85fbedb3f4422dc301ae80a is-layout-flow wp-block-details-is-layout-flow\"><summary>Sensibilisation du grand public <\/summary>\n<div style=\"height:35px\" aria-hidden=\"true\" class=\"wp-block-spacer\"><\/div>\n\n\n\n<p class=\"has-contrast-color has-text-color has-link-color has-base-font-size wp-elements-86afd66261af56c609cf8cca592147ae\">Sensibiliser le grand public aux r\u00e9alit\u00e9s du syst\u00e8me p\u00e9nal et carc\u00e9ral fait partie int\u00e9grante de la mission de la FARAPEJ. A travers des conf\u00e9rences, projections-d\u00e9bats, campagnes de communication et publications, co-organisation des Journ\u00e9es Nationales Prison, la F\u00e9d\u00e9ration cherche \u00e0 ouvrir le dialogue sur des sujets souvent m\u00e9connus ou stigmatis\u00e9s : conditions de d\u00e9tention, acc\u00e8s aux droits, r\u00e9insertion, justice des mineurs, etc. Ces actions visent \u00e0 d\u00e9construire les pr\u00e9jug\u00e9s, \u00e0 rendre<br>visibles les parcours des personnes d\u00e9tenues ou sortant de prison et \u00e0 encourager une r\u00e9flexion collective sur le sens de la peine et la place de la prison dans notre soci\u00e9t\u00e9.<\/p>\n<\/details>\n\n\n\n<p><\/p>\n","protected":false},"excerpt":{"rendered":"<p>LA FARAPEJ &#8211; F\u00c9D\u00c9RATION des ASSOCIATIONS R\u00c9FLEXION et ACTION sur la PRISON ET la JUSTICE &#8211; est l&rsquo;organisation rassemblant toutes associations \u0153uvrant au long de la \u00ab cha\u00eene p\u00e9nale \u00bb, des poursuites \u00e0 l&rsquo;application de la peine et \u00e0 la sortie de prison. Cette approche globale permet de transformer les exp\u00e9riences particuli\u00e8res en savoirs collectifs, [&hellip;]<\/p>\n","protected":false},"author":1,"featured_media":2379,"parent":36,"menu_order":10,"comment_status":"closed","ping_status":"closed","template":"","meta":{"_acf_changed":false,"footnotes":""},"class_list":["post-15","page","type-page","status-publish","has-post-thumbnail","hentry"],"acf":[],"_links":{"self":[{"href":"https:\/\/farapej-1.rezo.pro\/index.php\/wp-json\/wp\/v2\/pages\/15","targetHints":{"allow":["GET"]}}],"collection":[{"href":"https:\/\/farapej-1.rezo.pro\/index.php\/wp-json\/wp\/v2\/pages"}],"about":[{"href":"https:\/\/farapej-1.rezo.pro\/index.php\/wp-json\/wp\/v2\/types\/page"}],"author":[{"embeddable":true,"href":"https:\/\/farapej-1.rezo.pro\/index.php\/wp-json\/wp\/v2\/users\/1"}],"replies":[{"embeddable":true,"href":"https:\/\/farapej-1.rezo.pro\/index.php\/wp-json\/wp\/v2\/comments?post=15"}],"version-history":[{"count":47,"href":"https:\/\/farapej-1.rezo.pro\/index.php\/wp-json\/wp\/v2\/pages\/15\/revisions"}],"predecessor-version":[{"id":2435,"href":"https:\/\/farapej-1.rezo.pro\/index.php\/wp-json\/wp\/v2\/pages\/15\/revisions\/2435"}],"up":[{"embeddable":true,"href":"https:\/\/farapej-1.rezo.pro\/index.php\/wp-json\/wp\/v2\/pages\/36"}],"wp:featuredmedia":[{"embeddable":true,"href":"https:\/\/farapej-1.rezo.pro\/index.php\/wp-json\/wp\/v2\/media\/2379"}],"wp:attachment":[{"href":"https:\/\/farapej-1.rezo.pro\/index.php\/wp-json\/wp\/v2\/media?parent=15"}],"curies":[{"name":"wp","href":"https:\/\/api.w.org\/{rel}","templated":true}]}}