{"id":2057,"date":"2025-10-17T09:43:46","date_gmt":"2025-10-17T07:43:46","guid":{"rendered":"https:\/\/farapej-1.rezo.pro\/?page_id=2057"},"modified":"2025-10-20T22:33:24","modified_gmt":"2025-10-20T20:33:24","slug":"mentions-legales","status":"publish","type":"page","link":"https:\/\/farapej-1.rezo.pro\/index.php\/mentions-legales\/","title":{"rendered":"Mentions l\u00e9gales"},"content":{"rendered":"\n<h2 class=\"wp-block-heading\">Identit\u00e9 de l\u2019association<\/h2>\n\n\n\n<ul class=\"wp-block-list\">\n<li>F\u00c9D\u00c9RATION des  ASSOCIATION  R\u00c9FLEXION ACTION PRISON et JUSTICE<\/li>\n\n\n\n<li>Objet social : La f\u00e9d\u00e9ration a pour but, par le rassemblement d&rsquo;associations, de groupements d&rsquo;associations, ou de personnes physiques, s&rsquo;appuyant sur la D\u00e9claration de Droits de l&rsquo;Homme, de contribuer \u00e0 l&rsquo;am\u00e9lioration du fonctionnement de la justice et des forces de l&rsquo;ordre et d&rsquo;agir pour limiter les effets destructeurs de la prison.<\/li>\n\n\n\n<li>Adresse du si\u00e8ge social : <strong>78 rue Compans, 75019 PARIS<\/strong><\/li>\n\n\n\n<li>Num\u00e9ro RNA (R\u00e9pertoire National des Associations) : W751100136<\/li>\n\n\n\n<li>Date de d\u00e9claration en pr\u00e9fecture : 04 juin 1991 ; Parution au J.O. 28 juin 1991<\/li>\n\n\n\n<li>Identifiant SIRET : 383 614 070 00050 <\/li>\n\n\n\n<li>APE : 94.99Z<\/li>\n<\/ul>\n\n\n\n<h2 class=\"wp-block-heading\">Responsables<\/h2>\n\n\n\n<ul class=\"wp-block-list\">\n<li>Nom et pr\u00e9nom de la pr\u00e9sidente : <strong>Mme Ir\u00e8ne CARBONNIER<\/strong><\/li>\n\n\n\n<li>Courriel de contact : <strong>farapej@farapej.fr<\/strong><\/li>\n<\/ul>\n\n\n\n<h2 class=\"wp-block-heading\">R\u00e9alisation du site<\/h2>\n\n\n\n<ul class=\"wp-block-list\">\n<li>Site d\u00e9velopp\u00e9 sous <strong>WordPress<\/strong> par <strong><a href=\"https:\/\/rezo.dev\">Jean-Yves BURGAUD<\/a><\/strong>, d\u00e9veloppeur ind\u00e9pendant<\/li>\n\n\n\n<li>Illustrations du site r\u00e9alis\u00e9es par <a href=\"\/index.php\/galerie-des-illustrations\/\" data-type=\"page\" data-id=\"2053\"><strong>Cherif N&rsquo;Diaye<\/strong><\/a><\/li>\n<\/ul>\n\n\n\n<h2 class=\"wp-block-heading\">H\u00e9bergeur du site<\/h2>\n\n\n\n<ul class=\"wp-block-list\">\n<li>Nom de l\u2019h\u00e9bergeur : <strong>OVH<\/strong><\/li>\n\n\n\n<li>Adresse de l\u2019h\u00e9bergeur : <strong>2 rue Kellermann &#8211; 59100 Roubaix &#8211; France<\/strong><\/li>\n<\/ul>\n\n\n\n<h2 class=\"wp-block-heading\">Protection des donn\u00e9es (RGPD)<\/h2>\n\n\n\n<ul class=\"wp-block-list\">\n<li>Responsable du traitement des donn\u00e9es : <strong>Mme Ir\u00e8ne CARBONNIER<\/strong><\/li>\n\n\n\n<li>Finalit\u00e9 des donn\u00e9es collect\u00e9es : Adh\u00e9sion \u00e0 la FARAPEJ, Inscription aux \u00e9v\u00e8nements et actions FARAPEJ<\/li>\n\n\n\n<li>Droits des utilisateurs : les utilisateurs de ce site peuvent exercer leurs droits d&rsquo;acc\u00e8s, rectification, suppression, opposition en utilisant le formulaire de contact du site.<\/li>\n\n\n\n<li>Coordonn\u00e9es pour exercer ces droits : farapej@farapej.org<\/li>\n<\/ul>\n\n\n\n<h2 class=\"wp-block-heading\">Propri\u00e9t\u00e9 intellectuelle<\/h2>\n\n\n\n<ul class=\"wp-block-list\">\n<li>Mention des droits d\u2019auteur sur le contenu du site : La FARAPEJ poss\u00e8de  un droit exclusif d&rsquo;utilisation des illustrations r\u00e9alis\u00e9es pat Cherif N&rsquo;diaye publi\u00e9es sur ce site.<\/li>\n\n\n\n<li>Conditions de r\u00e9utilisation : toutes utilisations ou reproductions sont soumises \u00e0 un accord pr\u00e9alable de la FARAPEJ<\/li>\n<\/ul>\n\n\n\n<h2 class=\"wp-block-heading\">Cookies<\/h2>\n\n\n\n<ul class=\"wp-block-list\">\n<li>Nous utilisons Google Analytics, un service d\u2019analyse web fourni par Google LLC (\u201cGoogle\u201d), pour analyser l\u2019utilisation de notre site. Google Analytics utilise des cookies pour collecter des informations anonymes sur votre navigation (pages visit\u00e9es, dur\u00e9e de visite, etc.). Ces donn\u00e9es sont transmises et stock\u00e9es par Google sur des serveurs situ\u00e9s aux \u00c9tats-Unis. Google peut \u00e9galement transf\u00e9rer ces informations \u00e0 des tiers lorsque la loi l\u2019exige ou lorsque ces tiers traitent les informations pour le compte de Google. Vous pouvez d\u00e9sactiver Google Analytics en installant <a href=\"https:\/\/tools.google.com\/dlpage\/gaoptout\">le module compl\u00e9mentaire de navigateur fourni par Google<\/a>. Pour plus d\u2019informations sur la fa\u00e7on dont Google traite vos donn\u00e9es, consultez la <a href=\"https:\/\/policies.google.com\/privacy\" target=\"_blank\" rel=\"noreferrer noopener\">politique de confidentialit\u00e9 de Google<\/a>.<\/li>\n<\/ul>\n\n\n\n<p><\/p>\n","protected":false},"excerpt":{"rendered":"<p>Identit\u00e9 de l\u2019association Responsables R\u00e9alisation du site H\u00e9bergeur du site Protection des donn\u00e9es (RGPD) Propri\u00e9t\u00e9 intellectuelle Cookies<\/p>\n","protected":false},"author":1,"featured_media":300,"parent":0,"menu_order":0,"comment_status":"closed","ping_status":"closed","template":"","meta":{"_acf_changed":false,"footnotes":""},"class_list":["post-2057","page","type-page","status-publish","has-post-thumbnail","hentry"],"acf":[],"_links":{"self":[{"href":"https:\/\/farapej-1.rezo.pro\/index.php\/wp-json\/wp\/v2\/pages\/2057","targetHints":{"allow":["GET"]}}],"collection":[{"href":"https:\/\/farapej-1.rezo.pro\/index.php\/wp-json\/wp\/v2\/pages"}],"about":[{"href":"https:\/\/farapej-1.rezo.pro\/index.php\/wp-json\/wp\/v2\/types\/page"}],"author":[{"embeddable":true,"href":"https:\/\/farapej-1.rezo.pro\/index.php\/wp-json\/wp\/v2\/users\/1"}],"replies":[{"embeddable":true,"href":"https:\/\/farapej-1.rezo.pro\/index.php\/wp-json\/wp\/v2\/comments?post=2057"}],"version-history":[{"count":11,"href":"https:\/\/farapej-1.rezo.pro\/index.php\/wp-json\/wp\/v2\/pages\/2057\/revisions"}],"predecessor-version":[{"id":2295,"href":"https:\/\/farapej-1.rezo.pro\/index.php\/wp-json\/wp\/v2\/pages\/2057\/revisions\/2295"}],"wp:featuredmedia":[{"embeddable":true,"href":"https:\/\/farapej-1.rezo.pro\/index.php\/wp-json\/wp\/v2\/media\/300"}],"wp:attachment":[{"href":"https:\/\/farapej-1.rezo.pro\/index.php\/wp-json\/wp\/v2\/media?parent=2057"}],"curies":[{"name":"wp","href":"https:\/\/api.w.org\/{rel}","templated":true}]}}