{"id":2244,"date":"2025-10-20T13:52:54","date_gmt":"2025-10-20T11:52:54","guid":{"rendered":"https:\/\/farapej-1.rezo.pro\/?page_id=2244"},"modified":"2025-10-20T14:20:51","modified_gmt":"2025-10-20T12:20:51","slug":"information-et-sensibilisation","status":"publish","type":"page","link":"https:\/\/farapej-1.rezo.pro\/index.php\/les-activites-nos-associations-membres\/information-et-sensibilisation\/","title":{"rendered":"Information et sensibilisation"},"content":{"rendered":"\n<p>Vous retrouverez toutes les associations membres de la FARAPEJ qui ont une activit\u00e9 d&rsquo;informations et de sensibilisation aupr\u00e8s des personnes d\u00e9tenues et du grand public. <\/p>\n\n\n\n<div class=\"wp-block-query alignwide is-layout-flow wp-block-query-is-layout-flow\">\n<div class=\"wp-block-group is-layout-flow wp-block-group-is-layout-flow\" style=\"margin-top:0;margin-bottom:0;padding-top:var(--wp--preset--spacing--10);padding-right:var(--wp--preset--spacing--10);padding-bottom:var(--wp--preset--spacing--10);padding-left:var(--wp--preset--spacing--10)\"><ul class=\"columns-3 alignfull wp-block-post-template is-layout-grid wp-container-core-post-template-is-layout-2d080239 wp-block-post-template-is-layout-grid\"><li class=\"wp-block-post post-1058 association type-association status-publish format-standard has-post-thumbnail hentry activite-accompagnement-a-la-sortie-de-detention activite-information-et-sensibilisation-des-publics\">\n\n<div class=\"wp-block-group is-vertical is-content-justification-center is-nowrap is-layout-flex wp-container-core-group-is-layout-7be2fa9c wp-block-group-is-layout-flex\" style=\"margin-top:var(--wp--preset--spacing--20);padding-top:0\"><figure style=\"aspect-ratio:16\/9;height:100px; padding-bottom:0;margin-bottom:0;\" class=\"wp-block-post-featured-image\"><a href=\"https:\/\/farapej-1.rezo.pro\/index.php\/association\/arc-en-ciel\/\" target=\"_self\"  style=\"height:100px\"><img loading=\"lazy\" decoding=\"async\" width=\"1279\" height=\"429\" src=\"https:\/\/farapej-1.rezo.pro\/wp-content\/uploads\/2025\/10\/logo-Association-Farapej-1.png\" class=\"attachment-full size-full wp-post-image\" alt=\"Arc en ciel\" style=\"width:100%;height:100%;object-fit:contain;\" srcset=\"https:\/\/farapej-1.rezo.pro\/wp-content\/uploads\/2025\/10\/logo-Association-Farapej-1.png 1279w, https:\/\/farapej-1.rezo.pro\/wp-content\/uploads\/2025\/10\/logo-Association-Farapej-1-300x101.png 300w, https:\/\/farapej-1.rezo.pro\/wp-content\/uploads\/2025\/10\/logo-Association-Farapej-1-1024x343.png 1024w, https:\/\/farapej-1.rezo.pro\/wp-content\/uploads\/2025\/10\/logo-Association-Farapej-1-768x258.png 768w\" sizes=\"auto, (max-width: 1279px) 100vw, 1279px\" \/><\/a><\/figure>\n\n<h2 class=\"has-text-align-center has-link-color wp-elements-e9dbd46998321df0402018f70002c1a8 wp-block-post-title has-text-color has-accent-3-color has-medium-font-size wp-container-content-32e3a40d\"><a href=\"https:\/\/farapej-1.rezo.pro\/index.php\/association\/arc-en-ciel\/\" target=\"_self\" >Arc en ciel<\/a><\/h2>\n\n<div class=\"has-text-align-center wp-block-post-excerpt has-text-color has-contrast-2-color has-small-font-size wp-container-content-32e3a40d\"><p class=\"wp-block-post-excerpt__excerpt\"> <\/p><\/div>\n\n\n<div style=\"height:23px\" aria-hidden=\"true\" class=\"wp-block-spacer wp-container-content-78b3b043\"><\/div>\n<\/div>\n\n<\/li><li class=\"wp-block-post post-1050 association type-association status-publish format-standard has-post-thumbnail hentry activite-information-et-sensibilisation-des-publics\">\n\n<div class=\"wp-block-group is-vertical is-content-justification-center is-nowrap is-layout-flex wp-container-core-group-is-layout-7be2fa9c wp-block-group-is-layout-flex\" style=\"margin-top:var(--wp--preset--spacing--20);padding-top:0\"><figure style=\"aspect-ratio:16\/9;height:100px; padding-bottom:0;margin-bottom:0;\" class=\"wp-block-post-featured-image\"><a href=\"https:\/\/farapej-1.rezo.pro\/index.php\/association\/art-et-prison\/\" target=\"_self\"  style=\"height:100px\"><img loading=\"lazy\" decoding=\"async\" width=\"1000\" height=\"500\" src=\"https:\/\/farapej-1.rezo.pro\/wp-content\/uploads\/2025\/10\/art_et_prison-1000x500-1.jpg\" class=\"attachment-full size-full wp-post-image\" alt=\"Art et Prison France\" style=\"width:100%;height:100%;object-fit:contain;\" srcset=\"https:\/\/farapej-1.rezo.pro\/wp-content\/uploads\/2025\/10\/art_et_prison-1000x500-1.jpg 1000w, https:\/\/farapej-1.rezo.pro\/wp-content\/uploads\/2025\/10\/art_et_prison-1000x500-1-300x150.jpg 300w, https:\/\/farapej-1.rezo.pro\/wp-content\/uploads\/2025\/10\/art_et_prison-1000x500-1-768x384.jpg 768w\" sizes=\"auto, (max-width: 1000px) 100vw, 1000px\" \/><\/a><\/figure>\n\n<h2 class=\"has-text-align-center has-link-color wp-elements-e9dbd46998321df0402018f70002c1a8 wp-block-post-title has-text-color has-accent-3-color has-medium-font-size wp-container-content-32e3a40d\"><a href=\"https:\/\/farapej-1.rezo.pro\/index.php\/association\/art-et-prison\/\" target=\"_self\" >Art et Prison France<\/a><\/h2>\n\n<div class=\"has-text-align-center wp-block-post-excerpt has-text-color has-contrast-2-color has-small-font-size wp-container-content-32e3a40d\"><p class=\"wp-block-post-excerpt__excerpt\"> <\/p><\/div>\n\n\n<div style=\"height:23px\" aria-hidden=\"true\" class=\"wp-block-spacer wp-container-content-78b3b043\"><\/div>\n<\/div>\n\n<\/li><li class=\"wp-block-post post-1078 association type-association status-publish format-standard has-post-thumbnail hentry activite-information-et-sensibilisation-des-publics activite-intervention-en-detention\">\n\n<div class=\"wp-block-group is-vertical is-content-justification-center is-nowrap is-layout-flex wp-container-core-group-is-layout-7be2fa9c wp-block-group-is-layout-flex\" style=\"margin-top:var(--wp--preset--spacing--20);padding-top:0\"><figure style=\"aspect-ratio:16\/9;height:100px; padding-bottom:0;margin-bottom:0;\" class=\"wp-block-post-featured-image\"><a href=\"https:\/\/farapej-1.rezo.pro\/index.php\/association\/champ-libre\/\" target=\"_self\"  style=\"height:100px\"><img loading=\"lazy\" decoding=\"async\" width=\"1000\" height=\"500\" src=\"https:\/\/farapej-1.rezo.pro\/wp-content\/uploads\/2025\/10\/champ_libre-1000x500-1.jpg\" class=\"attachment-full size-full wp-post-image\" alt=\"Champ Libre\" style=\"width:100%;height:100%;object-fit:contain;\" srcset=\"https:\/\/farapej-1.rezo.pro\/wp-content\/uploads\/2025\/10\/champ_libre-1000x500-1.jpg 1000w, https:\/\/farapej-1.rezo.pro\/wp-content\/uploads\/2025\/10\/champ_libre-1000x500-1-300x150.jpg 300w, https:\/\/farapej-1.rezo.pro\/wp-content\/uploads\/2025\/10\/champ_libre-1000x500-1-768x384.jpg 768w\" sizes=\"auto, (max-width: 1000px) 100vw, 1000px\" \/><\/a><\/figure>\n\n<h2 class=\"has-text-align-center has-link-color wp-elements-e9dbd46998321df0402018f70002c1a8 wp-block-post-title has-text-color has-accent-3-color has-medium-font-size wp-container-content-32e3a40d\"><a href=\"https:\/\/farapej-1.rezo.pro\/index.php\/association\/champ-libre\/\" target=\"_self\" >Champ Libre<\/a><\/h2>\n\n<div class=\"has-text-align-center wp-block-post-excerpt has-text-color has-contrast-2-color has-small-font-size wp-container-content-32e3a40d\"><p class=\"wp-block-post-excerpt__excerpt\"> <\/p><\/div>\n\n\n<div style=\"height:23px\" aria-hidden=\"true\" class=\"wp-block-spacer wp-container-content-78b3b043\"><\/div>\n<\/div>\n\n<\/li><li class=\"wp-block-post post-1098 association type-association status-publish format-standard has-post-thumbnail hentry activite-information-et-sensibilisation-des-publics\">\n\n<div class=\"wp-block-group is-vertical is-content-justification-center is-nowrap is-layout-flex wp-container-core-group-is-layout-7be2fa9c wp-block-group-is-layout-flex\" style=\"margin-top:var(--wp--preset--spacing--20);padding-top:0\"><figure style=\"aspect-ratio:16\/9;height:100px; padding-bottom:0;margin-bottom:0;\" class=\"wp-block-post-featured-image\"><a href=\"https:\/\/farapej-1.rezo.pro\/index.php\/association\/groupe-prison-saint-etienne\/\" target=\"_self\"  style=\"height:100px\"><img loading=\"lazy\" decoding=\"async\" width=\"1000\" height=\"500\" src=\"https:\/\/farapej-1.rezo.pro\/wp-content\/uploads\/2025\/10\/groupe_prison_saint_etienne-1000x500-1.jpg\" class=\"attachment-full size-full wp-post-image\" alt=\"Groupe Prison Saint Etienne (GPSE)\" style=\"width:100%;height:100%;object-fit:contain;\" srcset=\"https:\/\/farapej-1.rezo.pro\/wp-content\/uploads\/2025\/10\/groupe_prison_saint_etienne-1000x500-1.jpg 1000w, https:\/\/farapej-1.rezo.pro\/wp-content\/uploads\/2025\/10\/groupe_prison_saint_etienne-1000x500-1-300x150.jpg 300w, https:\/\/farapej-1.rezo.pro\/wp-content\/uploads\/2025\/10\/groupe_prison_saint_etienne-1000x500-1-768x384.jpg 768w\" sizes=\"auto, (max-width: 1000px) 100vw, 1000px\" \/><\/a><\/figure>\n\n<h2 class=\"has-text-align-center has-link-color wp-elements-e9dbd46998321df0402018f70002c1a8 wp-block-post-title has-text-color has-accent-3-color has-medium-font-size wp-container-content-32e3a40d\"><a href=\"https:\/\/farapej-1.rezo.pro\/index.php\/association\/groupe-prison-saint-etienne\/\" target=\"_self\" >Groupe Prison Saint Etienne (GPSE)<\/a><\/h2>\n\n<div class=\"has-text-align-center wp-block-post-excerpt has-text-color has-contrast-2-color has-small-font-size wp-container-content-32e3a40d\"><p class=\"wp-block-post-excerpt__excerpt\"> <\/p><\/div>\n\n\n<div style=\"height:23px\" aria-hidden=\"true\" class=\"wp-block-spacer wp-container-content-78b3b043\"><\/div>\n<\/div>\n\n<\/li><li class=\"wp-block-post post-1134 association type-association status-publish format-standard has-post-thumbnail hentry activite-information-et-sensibilisation-des-publics activite-intervention-en-detention\">\n\n<div class=\"wp-block-group is-vertical is-content-justification-center is-nowrap is-layout-flex wp-container-core-group-is-layout-7be2fa9c wp-block-group-is-layout-flex\" style=\"margin-top:var(--wp--preset--spacing--20);padding-top:0\"><figure style=\"aspect-ratio:16\/9;height:100px; padding-bottom:0;margin-bottom:0;\" class=\"wp-block-post-featured-image\"><a href=\"https:\/\/farapej-1.rezo.pro\/index.php\/association\/possible\/\" target=\"_self\"  style=\"height:100px\"><img loading=\"lazy\" decoding=\"async\" width=\"1949\" height=\"537\" src=\"https:\/\/farapej-1.rezo.pro\/wp-content\/uploads\/2025\/10\/POSSIBLE_LOGO_SansBaseline_Blanc3.jpg\" class=\"attachment-full size-full wp-post-image\" alt=\"Possible\" style=\"width:100%;height:100%;object-fit:contain;\" srcset=\"https:\/\/farapej-1.rezo.pro\/wp-content\/uploads\/2025\/10\/POSSIBLE_LOGO_SansBaseline_Blanc3.jpg 1949w, https:\/\/farapej-1.rezo.pro\/wp-content\/uploads\/2025\/10\/POSSIBLE_LOGO_SansBaseline_Blanc3-300x83.jpg 300w, https:\/\/farapej-1.rezo.pro\/wp-content\/uploads\/2025\/10\/POSSIBLE_LOGO_SansBaseline_Blanc3-1024x282.jpg 1024w, https:\/\/farapej-1.rezo.pro\/wp-content\/uploads\/2025\/10\/POSSIBLE_LOGO_SansBaseline_Blanc3-768x212.jpg 768w, https:\/\/farapej-1.rezo.pro\/wp-content\/uploads\/2025\/10\/POSSIBLE_LOGO_SansBaseline_Blanc3-1536x423.jpg 1536w\" sizes=\"auto, (max-width: 1949px) 100vw, 1949px\" \/><\/a><\/figure>\n\n<h2 class=\"has-text-align-center has-link-color wp-elements-e9dbd46998321df0402018f70002c1a8 wp-block-post-title has-text-color has-accent-3-color has-medium-font-size wp-container-content-32e3a40d\"><a href=\"https:\/\/farapej-1.rezo.pro\/index.php\/association\/possible\/\" target=\"_self\" >Possible<\/a><\/h2>\n\n<div class=\"has-text-align-center wp-block-post-excerpt has-text-color has-contrast-2-color has-small-font-size wp-container-content-32e3a40d\"><p class=\"wp-block-post-excerpt__excerpt\"> <\/p><\/div>\n\n\n<div style=\"height:23px\" aria-hidden=\"true\" class=\"wp-block-spacer wp-container-content-78b3b043\"><\/div>\n<\/div>\n\n<\/li><li class=\"wp-block-post post-1136 association type-association status-publish format-standard has-post-thumbnail hentry activite-assistance-materielle activite-information-et-sensibilisation-des-publics activite-soutiens-aux-familles-et-proches\">\n\n<div class=\"wp-block-group is-vertical is-content-justification-center is-nowrap is-layout-flex wp-container-core-group-is-layout-7be2fa9c wp-block-group-is-layout-flex\" style=\"margin-top:var(--wp--preset--spacing--20);padding-top:0\"><figure style=\"aspect-ratio:16\/9;height:100px; padding-bottom:0;margin-bottom:0;\" class=\"wp-block-post-featured-image\"><a href=\"https:\/\/farapej-1.rezo.pro\/index.php\/association\/prison-justice-59\/\" target=\"_self\"  style=\"height:100px\"><img loading=\"lazy\" decoding=\"async\" width=\"1279\" height=\"429\" src=\"https:\/\/farapej-1.rezo.pro\/wp-content\/uploads\/2025\/10\/logo-Association-Farapej-1.png\" class=\"attachment-full size-full wp-post-image\" alt=\"Prison-Justice 59\" style=\"width:100%;height:100%;object-fit:contain;\" srcset=\"https:\/\/farapej-1.rezo.pro\/wp-content\/uploads\/2025\/10\/logo-Association-Farapej-1.png 1279w, https:\/\/farapej-1.rezo.pro\/wp-content\/uploads\/2025\/10\/logo-Association-Farapej-1-300x101.png 300w, https:\/\/farapej-1.rezo.pro\/wp-content\/uploads\/2025\/10\/logo-Association-Farapej-1-1024x343.png 1024w, https:\/\/farapej-1.rezo.pro\/wp-content\/uploads\/2025\/10\/logo-Association-Farapej-1-768x258.png 768w\" sizes=\"auto, (max-width: 1279px) 100vw, 1279px\" \/><\/a><\/figure>\n\n<h2 class=\"has-text-align-center has-link-color wp-elements-e9dbd46998321df0402018f70002c1a8 wp-block-post-title has-text-color has-accent-3-color has-medium-font-size wp-container-content-32e3a40d\"><a href=\"https:\/\/farapej-1.rezo.pro\/index.php\/association\/prison-justice-59\/\" target=\"_self\" >Prison-Justice 59<\/a><\/h2>\n\n<div class=\"has-text-align-center wp-block-post-excerpt has-text-color has-contrast-2-color has-small-font-size wp-container-content-32e3a40d\"><p class=\"wp-block-post-excerpt__excerpt\"> <\/p><\/div>\n\n\n<div style=\"height:23px\" aria-hidden=\"true\" class=\"wp-block-spacer wp-container-content-78b3b043\"><\/div>\n<\/div>\n\n<\/li><\/ul>\n\n\n<div style=\"margin-top:0;margin-bottom:0;height:30px\" aria-hidden=\"true\" class=\"wp-block-spacer\"><\/div>\n\n\n<\/div>\n<\/div>\n","protected":false},"excerpt":{"rendered":"<p>Vous retrouverez toutes les associations membres de la FARAPEJ qui ont une activit\u00e9 d&rsquo;informations et de sensibilisation aupr\u00e8s des personnes d\u00e9tenues et du grand public.<\/p>\n","protected":false},"author":4,"featured_media":2107,"parent":2251,"menu_order":0,"comment_status":"closed","ping_status":"closed","template":"","meta":{"_acf_changed":false,"footnotes":""},"class_list":["post-2244","page","type-page","status-publish","has-post-thumbnail","hentry"],"acf":[],"_links":{"self":[{"href":"https:\/\/farapej-1.rezo.pro\/index.php\/wp-json\/wp\/v2\/pages\/2244","targetHints":{"allow":["GET"]}}],"collection":[{"href":"https:\/\/farapej-1.rezo.pro\/index.php\/wp-json\/wp\/v2\/pages"}],"about":[{"href":"https:\/\/farapej-1.rezo.pro\/index.php\/wp-json\/wp\/v2\/types\/page"}],"author":[{"embeddable":true,"href":"https:\/\/farapej-1.rezo.pro\/index.php\/wp-json\/wp\/v2\/users\/4"}],"replies":[{"embeddable":true,"href":"https:\/\/farapej-1.rezo.pro\/index.php\/wp-json\/wp\/v2\/comments?post=2244"}],"version-history":[{"count":2,"href":"https:\/\/farapej-1.rezo.pro\/index.php\/wp-json\/wp\/v2\/pages\/2244\/revisions"}],"predecessor-version":[{"id":2263,"href":"https:\/\/farapej-1.rezo.pro\/index.php\/wp-json\/wp\/v2\/pages\/2244\/revisions\/2263"}],"up":[{"embeddable":true,"href":"https:\/\/farapej-1.rezo.pro\/index.php\/wp-json\/wp\/v2\/pages\/2251"}],"wp:featuredmedia":[{"embeddable":true,"href":"https:\/\/farapej-1.rezo.pro\/index.php\/wp-json\/wp\/v2\/media\/2107"}],"wp:attachment":[{"href":"https:\/\/farapej-1.rezo.pro\/index.php\/wp-json\/wp\/v2\/media?parent=2244"}],"curies":[{"name":"wp","href":"https:\/\/api.w.org\/{rel}","templated":true}]}}