{"id":36,"date":"2025-09-23T09:31:33","date_gmt":"2025-09-23T07:31:33","guid":{"rendered":"https:\/\/farapej-1.rezo.pro\/?page_id=36"},"modified":"2026-01-22T14:27:44","modified_gmt":"2026-01-22T13:27:44","slug":"notre-identite","status":"publish","type":"page","link":"https:\/\/farapej-1.rezo.pro\/index.php\/notre-identite\/","title":{"rendered":"Notre identit\u00e9"},"content":{"rendered":"\n<p>La FARAPEJ, F\u00c9D\u00c9RATION des ASSOCIATIONS R\u00c9FLEXION et ACTION, PRISON Et JUSTICE, est <strong>L<\/strong>\u2018organisation rassemblant toutes associations \u0153uvrant au long de la \u00ab cha\u00eene p\u00e9nale \u00bb, des poursuites \u00e0 l\u2019application de la peine et \u00e0 la sortie de prison. Depuis son origine, elle s\u2019est d\u00e9velopp\u00e9e pour devenir un acteur de plus en plus f\u00e9d\u00e9rateur et reconnu par ses nombreux partenaires et les pouvoirs publics.<\/p>\n\n\n\n<p><strong>Ses publics cibles :<\/strong>&nbsp;Jeunes \/ Personnes plac\u00e9es sous main de justice \/ Familles et proches \/ Grand public \/ Personnes incarc\u00e9r\u00e9es<br><strong>Ses principaux domaines d&rsquo;intervention :<\/strong>&nbsp;Accueil et orientation des familles et proches \/ Accueil, orientation et accompagnement du public sortant \/ D\u00e9fense des droits des personnes d\u00e9tenues.<\/p>\n\n\n\n<p><strong>Son but statutaire<\/strong> :  rassembler associations ou groupements d&rsquo;associations qui, s&rsquo;appuyant sur la D\u00e9claration des Droits de l&rsquo;Homme, entendent contribuer \u00e0 l&rsquo;am\u00e9lioration du fonctionnement de la justice et et agir pour limiter les effets destructeurs de la prison.<\/p>\n\n\n\n<p><strong>Son objet<\/strong> : la F\u00e9d\u00e9ration, avec les associations membres, entend&nbsp;:<br><strong>\u2013<\/strong>&nbsp;faire \u00e9voluer l&rsquo;opinion&nbsp;;<br><strong>\u2013<\/strong>&nbsp;interpeller les pouvoirs publics&nbsp;;<br><strong>\u2013<\/strong>&nbsp;proposer des formations en mati\u00e8re judiciaire, p\u00e9nitentiaire, sociale et de droits humains&nbsp;;<br><strong>\u2013<\/strong>&nbsp;entretenir des relations avec des organisations internationales et des associations \u00e9trang\u00e8res poursuivant des objectifs similaires aux siens.<\/p>\n\n\n\n<p>La F\u00e9d\u00e9ration soutient les associations qui agissent de diverses mani\u00e8res, telles&nbsp;:<br><strong>\u2013<\/strong>&nbsp;action de pr\u00e9vention de la d\u00e9linquance&nbsp;;<br><strong>\u2013<\/strong>&nbsp;action en faveur des personnes d\u00e9tenues, de leurs enfants et de leurs familles&nbsp;;<br><strong>\u2013<\/strong>&nbsp;action en vue d&rsquo;aider les sortants de prison \u00e0&nbsp;trouver une place dans la soci\u00e9t\u00e9 ;<br><strong>\u2013<\/strong>&nbsp;action en faveur des victimes de la d\u00e9linquance, de l&rsquo;injustice, de la r\u00e9pression et de l&rsquo;exclusion sociale&nbsp;;<br><strong>\u2013<\/strong>&nbsp;missions dans le cadre de la probation et de l&rsquo;assistance aux lib\u00e9r\u00e9s (enqu\u00eate rapide, contr\u00f4le judiciaire socio-\u00e9ducatif, travail d&rsquo;int\u00e9r\u00eat g\u00e9n\u00e9ral, chantiers ext\u00e9rieurs, m\u00e9diation-conciliation, etc.)&nbsp;;<\/p>\n\n\n\n<p>Elle m\u00e8ne ses actions au moyens de :<br><strong>\u2013<\/strong>&nbsp;conf\u00e9rences, colloques, d\u00e9bats&nbsp;;<br><strong>\u2013<\/strong>&nbsp;publications d&rsquo;articles :<br><strong>\u2013<\/strong>&nbsp;enqu\u00eates et rapports d&rsquo;enqu\u00eates&nbsp;;<br><strong>\u2013<\/strong>&nbsp;contacts avec les m\u00e9dias&nbsp;;<br><strong>\u2013<\/strong>&nbsp;expositions et documentation.<\/p>\n\n\n\n<p>Les associations r\u00e9unies peuvent d\u00e8s lors <strong>porter un regard \u00e9largi&nbsp;<\/strong>sur leur champ d\u2019intervention en confrontant leur exp\u00e9rience de terrain \u00e0 ce qui se fait ailleurs,&nbsp;<strong>am\u00e9liorer et partager leurs pratiques, construire une r\u00e9flexion commune et \u00eatre porteuses d\u2019une vision et de propositions&nbsp;<\/strong>pour am\u00e9liorer le fonctionnement de la justice et limiter les effets destructeurs de la prison.<\/p>\n\n\n\n<h2 class=\"wp-block-heading\"><\/h2>\n\n\n\n<div class=\"wp-block-group sous-pages has-global-padding is-layout-constrained wp-block-group-is-layout-constrained\" data-aos=\"fade-up\" data-aos-delay=\"950\" data-aos-duration=\"1000\">\n<div class=\"wp-block-query alignwide is-layout-flow wp-block-query-is-layout-flow\">\n<div class=\"wp-block-group is-layout-flow wp-block-group-is-layout-flow\" style=\"margin-top:0;margin-bottom:0;padding-top:var(--wp--preset--spacing--10);padding-right:var(--wp--preset--spacing--10);padding-bottom:var(--wp--preset--spacing--10);padding-left:var(--wp--preset--spacing--10)\"><ul class=\"columns-3 alignfull wp-block-post-template is-layout-grid wp-container-core-post-template-is-layout-2d080239 wp-block-post-template-is-layout-grid\"><li class=\"wp-block-post post-15 page type-page status-publish has-post-thumbnail hentry\">\n\n<div class=\"wp-block-group is-vertical is-content-justification-center is-nowrap is-layout-flex wp-container-core-group-is-layout-7be2fa9c wp-block-group-is-layout-flex\" style=\"margin-top:var(--wp--preset--spacing--20);padding-top:0\"><figure style=\"aspect-ratio:16\/9;height:100px; padding-bottom:0;margin-bottom:0;\" class=\"wp-block-post-featured-image\"><a href=\"https:\/\/farapej-1.rezo.pro\/index.php\/notre-identite\/qui-sommes-nous\/\" target=\"_self\"  style=\"height:100px\"><img loading=\"lazy\" decoding=\"async\" width=\"400\" height=\"400\" src=\"https:\/\/farapej-1.rezo.pro\/wp-content\/uploads\/2025\/11\/DOMAINE-NOTRE-IDENTITE-PUZZLE-Original-vignettel-400x400-1.jpg\" class=\"attachment-full size-full wp-post-image\" alt=\"Les missions\" style=\"width:100%;height:100%;object-fit:contain;\" srcset=\"https:\/\/farapej-1.rezo.pro\/wp-content\/uploads\/2025\/11\/DOMAINE-NOTRE-IDENTITE-PUZZLE-Original-vignettel-400x400-1.jpg 400w, https:\/\/farapej-1.rezo.pro\/wp-content\/uploads\/2025\/11\/DOMAINE-NOTRE-IDENTITE-PUZZLE-Original-vignettel-400x400-1-300x300.jpg 300w, https:\/\/farapej-1.rezo.pro\/wp-content\/uploads\/2025\/11\/DOMAINE-NOTRE-IDENTITE-PUZZLE-Original-vignettel-400x400-1-150x150.jpg 150w\" sizes=\"auto, (max-width: 400px) 100vw, 400px\" \/><\/a><\/figure>\n\n<h2 class=\"has-text-align-center has-link-color wp-elements-e9dbd46998321df0402018f70002c1a8 wp-block-post-title has-text-color has-accent-3-color has-medium-font-size wp-container-content-32e3a40d\"><a href=\"https:\/\/farapej-1.rezo.pro\/index.php\/notre-identite\/qui-sommes-nous\/\" target=\"_self\" >Les missions<\/a><\/h2>\n\n<div class=\"has-text-align-center wp-block-post-excerpt has-text-color has-contrast-2-color has-small-font-size wp-container-content-32e3a40d\"><p class=\"wp-block-post-excerpt__excerpt\">LA FARAPEJ &#8211; F\u00c9D\u00c9RATION des ASSOCIATIONS R\u00c9FLEXION et ACTION sur la PRISON ET la JUSTICE\u2026 <\/p><\/div>\n\n\n<div style=\"height:23px\" aria-hidden=\"true\" class=\"wp-block-spacer wp-container-content-78b3b043\"><\/div>\n<\/div>\n\n<\/li><li class=\"wp-block-post post-20 page type-page status-publish has-post-thumbnail hentry\">\n\n<div class=\"wp-block-group is-vertical is-content-justification-center is-nowrap is-layout-flex wp-container-core-group-is-layout-7be2fa9c wp-block-group-is-layout-flex\" style=\"margin-top:var(--wp--preset--spacing--20);padding-top:0\"><figure style=\"aspect-ratio:16\/9;height:100px; padding-bottom:0;margin-bottom:0;\" class=\"wp-block-post-featured-image\"><a href=\"https:\/\/farapej-1.rezo.pro\/index.php\/notre-identite\/presentation-generale\/\" target=\"_self\"  style=\"height:100px\"><img loading=\"lazy\" decoding=\"async\" width=\"400\" height=\"400\" src=\"https:\/\/farapej-1.rezo.pro\/wp-content\/uploads\/2025\/11\/DOMAINE-NOTRE-IDENTITE-PUZZLE-Original-vignettel-400x400-1.jpg\" class=\"attachment-full size-full wp-post-image\" alt=\"L&rsquo;histoire de la F\u00e9d\u00e9ration\" style=\"width:100%;height:100%;object-fit:contain;\" srcset=\"https:\/\/farapej-1.rezo.pro\/wp-content\/uploads\/2025\/11\/DOMAINE-NOTRE-IDENTITE-PUZZLE-Original-vignettel-400x400-1.jpg 400w, https:\/\/farapej-1.rezo.pro\/wp-content\/uploads\/2025\/11\/DOMAINE-NOTRE-IDENTITE-PUZZLE-Original-vignettel-400x400-1-300x300.jpg 300w, https:\/\/farapej-1.rezo.pro\/wp-content\/uploads\/2025\/11\/DOMAINE-NOTRE-IDENTITE-PUZZLE-Original-vignettel-400x400-1-150x150.jpg 150w\" sizes=\"auto, (max-width: 400px) 100vw, 400px\" \/><\/a><\/figure>\n\n<h2 class=\"has-text-align-center has-link-color wp-elements-e9dbd46998321df0402018f70002c1a8 wp-block-post-title has-text-color has-accent-3-color has-medium-font-size wp-container-content-32e3a40d\"><a href=\"https:\/\/farapej-1.rezo.pro\/index.php\/notre-identite\/presentation-generale\/\" target=\"_self\" >L&rsquo;histoire de la F\u00e9d\u00e9ration<\/a><\/h2>\n\n<div class=\"has-text-align-center wp-block-post-excerpt has-text-color has-contrast-2-color has-small-font-size wp-container-content-32e3a40d\"><p class=\"wp-block-post-excerpt__excerpt\">La FARAPEJ, F\u00c9D\u00c9RATION des ASSOCIATIONS R\u00c9FLEXION, ACTION, PRISON et JUSTICE, fond\u00e9e d\u00e8s le d\u00e9but des\u2026 <\/p><\/div>\n\n\n<div style=\"height:23px\" aria-hidden=\"true\" class=\"wp-block-spacer wp-container-content-78b3b043\"><\/div>\n<\/div>\n\n<\/li><li class=\"wp-block-post post-208 page type-page status-publish has-post-thumbnail hentry\">\n\n<div class=\"wp-block-group is-vertical is-content-justification-center is-nowrap is-layout-flex wp-container-core-group-is-layout-7be2fa9c wp-block-group-is-layout-flex\" style=\"margin-top:var(--wp--preset--spacing--20);padding-top:0\"><figure style=\"aspect-ratio:16\/9;height:100px; padding-bottom:0;margin-bottom:0;\" class=\"wp-block-post-featured-image\"><a href=\"https:\/\/farapej-1.rezo.pro\/index.php\/notre-identite\/les-statuts\/\" target=\"_self\"  style=\"height:100px\"><img loading=\"lazy\" decoding=\"async\" width=\"400\" height=\"400\" src=\"https:\/\/farapej-1.rezo.pro\/wp-content\/uploads\/2025\/11\/DOMAINE-NOTRE-IDENTITE-PUZZLE-Original-vignettel-400x400-1.jpg\" class=\"attachment-full size-full wp-post-image\" alt=\"Les statuts de la FARAPEJ\" style=\"width:100%;height:100%;object-fit:contain;\" srcset=\"https:\/\/farapej-1.rezo.pro\/wp-content\/uploads\/2025\/11\/DOMAINE-NOTRE-IDENTITE-PUZZLE-Original-vignettel-400x400-1.jpg 400w, https:\/\/farapej-1.rezo.pro\/wp-content\/uploads\/2025\/11\/DOMAINE-NOTRE-IDENTITE-PUZZLE-Original-vignettel-400x400-1-300x300.jpg 300w, https:\/\/farapej-1.rezo.pro\/wp-content\/uploads\/2025\/11\/DOMAINE-NOTRE-IDENTITE-PUZZLE-Original-vignettel-400x400-1-150x150.jpg 150w\" sizes=\"auto, (max-width: 400px) 100vw, 400px\" \/><\/a><\/figure>\n\n<h2 class=\"has-text-align-center has-link-color wp-elements-e9dbd46998321df0402018f70002c1a8 wp-block-post-title has-text-color has-accent-3-color has-medium-font-size wp-container-content-32e3a40d\"><a href=\"https:\/\/farapej-1.rezo.pro\/index.php\/notre-identite\/les-statuts\/\" target=\"_self\" >Les statuts de la FARAPEJ<\/a><\/h2>\n\n<div class=\"has-text-align-center wp-block-post-excerpt has-text-color has-contrast-2-color has-small-font-size wp-container-content-32e3a40d\"><p class=\"wp-block-post-excerpt__excerpt\">Titre I &#8211; Dispositions Fondamentales Article 1 &#8211; Forme Il est form\u00e9 entre les adh\u00e9rents\u2026 <\/p><\/div>\n\n\n<div style=\"height:23px\" aria-hidden=\"true\" class=\"wp-block-spacer wp-container-content-78b3b043\"><\/div>\n<\/div>\n\n<\/li><li class=\"wp-block-post post-1276 page type-page status-publish has-post-thumbnail hentry\">\n\n<div class=\"wp-block-group is-vertical is-content-justification-center is-nowrap is-layout-flex wp-container-core-group-is-layout-7be2fa9c wp-block-group-is-layout-flex\" style=\"margin-top:var(--wp--preset--spacing--20);padding-top:0\"><figure style=\"aspect-ratio:16\/9;height:100px; padding-bottom:0;margin-bottom:0;\" class=\"wp-block-post-featured-image\"><a href=\"https:\/\/farapej-1.rezo.pro\/index.php\/notre-identite\/assemblee-generale\/\" target=\"_self\"  style=\"height:100px\"><img loading=\"lazy\" decoding=\"async\" width=\"400\" height=\"400\" src=\"https:\/\/farapej-1.rezo.pro\/wp-content\/uploads\/2025\/11\/DOMAINE-NOTRE-IDENTITE-PUZZLE-Original-vignettel-400x400-1.jpg\" class=\"attachment-full size-full wp-post-image\" alt=\"Assembl\u00e9e g\u00e9n\u00e9rale\" style=\"width:100%;height:100%;object-fit:contain;\" srcset=\"https:\/\/farapej-1.rezo.pro\/wp-content\/uploads\/2025\/11\/DOMAINE-NOTRE-IDENTITE-PUZZLE-Original-vignettel-400x400-1.jpg 400w, https:\/\/farapej-1.rezo.pro\/wp-content\/uploads\/2025\/11\/DOMAINE-NOTRE-IDENTITE-PUZZLE-Original-vignettel-400x400-1-300x300.jpg 300w, https:\/\/farapej-1.rezo.pro\/wp-content\/uploads\/2025\/11\/DOMAINE-NOTRE-IDENTITE-PUZZLE-Original-vignettel-400x400-1-150x150.jpg 150w\" sizes=\"auto, (max-width: 400px) 100vw, 400px\" \/><\/a><\/figure>\n\n<h2 class=\"has-text-align-center has-link-color wp-elements-e9dbd46998321df0402018f70002c1a8 wp-block-post-title has-text-color has-accent-3-color has-medium-font-size wp-container-content-32e3a40d\"><a href=\"https:\/\/farapej-1.rezo.pro\/index.php\/notre-identite\/assemblee-generale\/\" target=\"_self\" >Assembl\u00e9e g\u00e9n\u00e9rale<\/a><\/h2>\n\n<div class=\"has-text-align-center wp-block-post-excerpt has-text-color has-contrast-2-color has-small-font-size wp-container-content-32e3a40d\"><p class=\"wp-block-post-excerpt__excerpt\">Les Assembl\u00e9es G\u00e9n\u00e9rales sont constitu\u00e9es de deux coll\u00e8ges, le coll\u00e8ge des Associations et le coll\u00e8ge\u2026 <\/p><\/div>\n\n\n<div style=\"height:23px\" aria-hidden=\"true\" class=\"wp-block-spacer wp-container-content-78b3b043\"><\/div>\n<\/div>\n\n<\/li><li class=\"wp-block-post post-22 page type-page status-publish has-post-thumbnail hentry\">\n\n<div class=\"wp-block-group is-vertical is-content-justification-center is-nowrap is-layout-flex wp-container-core-group-is-layout-7be2fa9c wp-block-group-is-layout-flex\" style=\"margin-top:var(--wp--preset--spacing--20);padding-top:0\"><figure style=\"aspect-ratio:16\/9;height:100px; padding-bottom:0;margin-bottom:0;\" class=\"wp-block-post-featured-image\"><a href=\"https:\/\/farapej-1.rezo.pro\/index.php\/notre-identite\/conseil-dadministration\/\" target=\"_self\"  style=\"height:100px\"><img loading=\"lazy\" decoding=\"async\" width=\"400\" height=\"400\" src=\"https:\/\/farapej-1.rezo.pro\/wp-content\/uploads\/2025\/11\/DOMAINE-NOTRE-IDENTITE-PUZZLE-Original-vignettel-400x400-1.jpg\" class=\"attachment-full size-full wp-post-image\" alt=\"Conseil d\u2019administration\" style=\"width:100%;height:100%;object-fit:contain;\" srcset=\"https:\/\/farapej-1.rezo.pro\/wp-content\/uploads\/2025\/11\/DOMAINE-NOTRE-IDENTITE-PUZZLE-Original-vignettel-400x400-1.jpg 400w, https:\/\/farapej-1.rezo.pro\/wp-content\/uploads\/2025\/11\/DOMAINE-NOTRE-IDENTITE-PUZZLE-Original-vignettel-400x400-1-300x300.jpg 300w, https:\/\/farapej-1.rezo.pro\/wp-content\/uploads\/2025\/11\/DOMAINE-NOTRE-IDENTITE-PUZZLE-Original-vignettel-400x400-1-150x150.jpg 150w\" sizes=\"auto, (max-width: 400px) 100vw, 400px\" \/><\/a><\/figure>\n\n<h2 class=\"has-text-align-center has-link-color wp-elements-e9dbd46998321df0402018f70002c1a8 wp-block-post-title has-text-color has-accent-3-color has-medium-font-size wp-container-content-32e3a40d\"><a href=\"https:\/\/farapej-1.rezo.pro\/index.php\/notre-identite\/conseil-dadministration\/\" target=\"_self\" >Conseil d\u2019administration<\/a><\/h2>\n\n<div class=\"has-text-align-center wp-block-post-excerpt has-text-color has-contrast-2-color has-small-font-size wp-container-content-32e3a40d\"><p class=\"wp-block-post-excerpt__excerpt\">Le conseil d&rsquo;administration se compose de repr\u00e9sentants des associations et d&rsquo;adh\u00e9rents individuels Michel AgostiniECTI Jean-Michel\u2026 <\/p><\/div>\n\n\n<div style=\"height:23px\" aria-hidden=\"true\" class=\"wp-block-spacer wp-container-content-78b3b043\"><\/div>\n<\/div>\n\n<\/li><li class=\"wp-block-post post-26 page type-page status-publish has-post-thumbnail hentry\">\n\n<div class=\"wp-block-group is-vertical is-content-justification-center is-nowrap is-layout-flex wp-container-core-group-is-layout-7be2fa9c wp-block-group-is-layout-flex\" style=\"margin-top:var(--wp--preset--spacing--20);padding-top:0\"><figure style=\"aspect-ratio:16\/9;height:100px; padding-bottom:0;margin-bottom:0;\" class=\"wp-block-post-featured-image\"><a href=\"https:\/\/farapej-1.rezo.pro\/index.php\/notre-identite\/rapports-dactivite\/\" target=\"_self\"  style=\"height:100px\"><img loading=\"lazy\" decoding=\"async\" width=\"400\" height=\"400\" src=\"https:\/\/farapej-1.rezo.pro\/wp-content\/uploads\/2025\/11\/DOMAINE-NOTRE-IDENTITE-PUZZLE-Original-vignettel-400x400-1.jpg\" class=\"attachment-full size-full wp-post-image\" alt=\"Rapports d\u2019activit\u00e9\" style=\"width:100%;height:100%;object-fit:contain;\" srcset=\"https:\/\/farapej-1.rezo.pro\/wp-content\/uploads\/2025\/11\/DOMAINE-NOTRE-IDENTITE-PUZZLE-Original-vignettel-400x400-1.jpg 400w, https:\/\/farapej-1.rezo.pro\/wp-content\/uploads\/2025\/11\/DOMAINE-NOTRE-IDENTITE-PUZZLE-Original-vignettel-400x400-1-300x300.jpg 300w, https:\/\/farapej-1.rezo.pro\/wp-content\/uploads\/2025\/11\/DOMAINE-NOTRE-IDENTITE-PUZZLE-Original-vignettel-400x400-1-150x150.jpg 150w\" sizes=\"auto, (max-width: 400px) 100vw, 400px\" \/><\/a><\/figure>\n\n<h2 class=\"has-text-align-center has-link-color wp-elements-e9dbd46998321df0402018f70002c1a8 wp-block-post-title has-text-color has-accent-3-color has-medium-font-size wp-container-content-32e3a40d\"><a href=\"https:\/\/farapej-1.rezo.pro\/index.php\/notre-identite\/rapports-dactivite\/\" target=\"_self\" >Rapports d\u2019activit\u00e9<\/a><\/h2>\n\n<div class=\"has-text-align-center wp-block-post-excerpt has-text-color has-contrast-2-color has-small-font-size wp-container-content-32e3a40d\"><p class=\"wp-block-post-excerpt__excerpt\">Rapport 2024 Rapport 2023 Rapport 2022 Rapport 2021 <\/p><\/div>\n\n\n<div style=\"height:23px\" aria-hidden=\"true\" class=\"wp-block-spacer wp-container-content-78b3b043\"><\/div>\n<\/div>\n\n<\/li><\/ul>\n\n\n<div style=\"margin-top:0;margin-bottom:0;height:30px\" aria-hidden=\"true\" class=\"wp-block-spacer\"><\/div>\n\n\n<\/div>\n<\/div>\n<\/div>\n","protected":false},"excerpt":{"rendered":"<p>La FARAPEJ, F\u00c9D\u00c9RATION des ASSOCIATIONS R\u00c9FLEXION et ACTION, PRISON Et JUSTICE, est L\u2018organisation rassemblant toutes associations \u0153uvrant au long de la \u00ab cha\u00eene p\u00e9nale \u00bb, des poursuites \u00e0 l\u2019application de la peine et \u00e0 la sortie de prison. Depuis son origine, elle s\u2019est d\u00e9velopp\u00e9e pour devenir un acteur de plus en plus f\u00e9d\u00e9rateur et reconnu [&hellip;]<\/p>\n","protected":false},"author":2,"featured_media":1321,"parent":0,"menu_order":10,"comment_status":"closed","ping_status":"closed","template":"","meta":{"_acf_changed":false,"footnotes":""},"class_list":["post-36","page","type-page","status-publish","has-post-thumbnail","hentry"],"acf":[],"_links":{"self":[{"href":"https:\/\/farapej-1.rezo.pro\/index.php\/wp-json\/wp\/v2\/pages\/36","targetHints":{"allow":["GET"]}}],"collection":[{"href":"https:\/\/farapej-1.rezo.pro\/index.php\/wp-json\/wp\/v2\/pages"}],"about":[{"href":"https:\/\/farapej-1.rezo.pro\/index.php\/wp-json\/wp\/v2\/types\/page"}],"author":[{"embeddable":true,"href":"https:\/\/farapej-1.rezo.pro\/index.php\/wp-json\/wp\/v2\/users\/2"}],"replies":[{"embeddable":true,"href":"https:\/\/farapej-1.rezo.pro\/index.php\/wp-json\/wp\/v2\/comments?post=36"}],"version-history":[{"count":37,"href":"https:\/\/farapej-1.rezo.pro\/index.php\/wp-json\/wp\/v2\/pages\/36\/revisions"}],"predecessor-version":[{"id":2574,"href":"https:\/\/farapej-1.rezo.pro\/index.php\/wp-json\/wp\/v2\/pages\/36\/revisions\/2574"}],"wp:featuredmedia":[{"embeddable":true,"href":"https:\/\/farapej-1.rezo.pro\/index.php\/wp-json\/wp\/v2\/media\/1321"}],"wp:attachment":[{"href":"https:\/\/farapej-1.rezo.pro\/index.php\/wp-json\/wp\/v2\/media?parent=36"}],"curies":[{"name":"wp","href":"https:\/\/api.w.org\/{rel}","templated":true}]}}